 -l**2 + l + 5. Let o be ((-64)/(-12))/(-4)*-6. Let a be -4 + -4*o/(-4). Calculate u(a).
-7
Let h(l) = l**3 - 3*l**2 - 5*l - 2. Let o(c) = 2*c**2 + 5*c - 3. Let t be o(-4). Suppose -1 = 4*m - t. Suppose 5*b = -5*q + 3*b + 18, -m*b = q - 2. Give h(q).
-6
Let c be 3 + 2 + -2 + 3. Suppose -2*y + y = c. Let r(d) = -4 - 2 - 7*d + 7 - d**2. What is r(y)?
7
Suppose 5 = -4*u + 21. Let f be (1/(2/u))/(-2). Let j(s) = -9*s - 1. Determine j(f).
8
Let t(y) = y**2 - 4 + 2*y + 3 + 3*y. Give t(-6).
5
Let w(d) = d - d + d**2 + 7*d**3. Suppose -4*p + 3*h + 21 = 0, -2*p + 5*p = -4*h + 22. Let z be (-4)/p*3/2. Give w(z).
-6
Let g(j) = j**3 - 1 - j**2 + 4*j**2 - 2 + 0. Let y be g(-3). Let i(u) = u**3 + 5*u**2 + 3 - 3*u**2 + 0*u**2. Calculate i(y).
-6
Let y(o) = -2*o + 3. Let x(a) be the third derivative of 5*a**4/24 - a**3/6 - 21*a**2. Let t(n) = n + 4. Let d be t(-3). Let u be x(d). What is y(u)?
-5
Let t(j) = -j**3 + 7*j**2 - 5*j - 3. Let w be t(6). Suppose 0 = -w*d - 16 + 4. Let c(k) = k**3 + 4*k**2 + k + 2. Calculate c(d).
-2
Let b(n) = 16*n - 12*n - 2 + 5. Give b(-3).
-9
Let j(x) be the first derivative of x**4/4 + x**3/3 - 2. Let y be j(-2). Let n(b) = -1. Let g(p) = -p - 12. Let s(h) = g(h) - 4*n(h). Give s(y).
-4
Suppose -4*t + 5 - 1 = 0. Let x(i) = 7 + 4*i**3 - 3*i**3 + i + i**2 - t. Let v(y) = y**3 + 6*y**2 - 6*y + 7. Let o be v(-7). Determine x(o).
6
Let k(b) = -b**3 - 6*b**2 - 2*b + 9. Let r be k(-5). Let l(n) = n**3 + 7*n**2 + n - 8. Give l(r).
22
Let z(q) be the third derivative of q**5/60 - q**4/24 - q**3 + 32*q**2. Suppose 0 = -3*m - 2*w + 4, -5*m = -3*m + 5*w - 21. Let n = m + 2. Determine z(n).
-6
Let l(k) be the first derivative of -k**4/4 - 2*k**3/3 - 4*k - 29. Let c(x) = x - 8. Let r be c(5). What is l(r)?
5
Let h(i) be the first derivative of -i**4/4 - i**3/3 - i**2/2 + 9*i + 20. Let k be 0/(-1)*(-1)/(-2). What is h(k)?
9
Let f(x) = x + 3. Let u(q) = 4*q + 13. Let i(t) = -9*f(t) + 2*u(t). Determine i(-7).
6
Suppose -5*z = -6*z + 5. Suppose -4*s = -z - 7. Suppose 3*l - 15 = s*c, 0*l - 19 = -c - 5*l. Let a(p) = p**2 + 1. Determine a(c).
2
Let h be (3/2)/(-5 + (-87)/(-18)). Let t(w) = -w**2 - 9*w + 11. Calculate t(h).
11
Let z = 18 - 18. Let i(v) = -v + 8. Calculate i(z).
8
Let i(h) = h + 1. Let p(x) = -2*x**3 + 3*x + 3. Let u(c) = 4*i(c) - p(c). What is u(-1)?
-2
Let t(q) = -2*q + 13 - 11 + 0. Calculate t(2).
-2
Let j(c) = -c + 7. Let u(g) = g - 7. Let f(l) = -3*j(l) - 4*u(l). Determine f(5).
2
Let x(k) = 2*k - 1. Let d be x(-1). Let g(z) = 14*z**2 + 3*z + 12. Let p(n) = -5*n**2 - n - 4. Let m(c) = 6*g(c) + 17*p(c). What is m(d)?
-8
Let j(w) be the second derivative of 1/3*w**4 + 0 + 1/20*w**5 - 4*w - 2/3*w**3 - w**2. Give j(-5).
-7
Let h(z) be the third derivative of z**8/20160 - z**7/630 + z**6/144 - z**5/20 - 4*z**2. Let c(m) be the third derivative of h(m). Determine c(5).
-10
Suppose q = -3*q + 16. Let j be q/(-2) - (1 - 0). Let z(x) = x**2 + 2 - 3 + 2*x - 2. What is z(j)?
0
Suppose -63 = -44*k + 35*k. Let c(g) = -g**3 + 8*g**2 - 7*g - 5. Give c(k).
-5
Let z(w) = -2*w + 4. Let k be (-40)/28*-6 - 8/14. What is z(k)?
-12
Let n(b) = -3*b**3 - 22*b**2 - 15*b + 31. Let a(y) = -y**3 - 7*y**2 - 5*y + 10. Let c(l) = -8*a(l) + 3*n(l). Calculate c(-9).
-23
Let j(d) = -15 + 2*d**3 - d**3 - 2*d**2 - 4*d - 22 + 33. Determine j(4).
12
Let l(r) be the second derivative of 1/60*r**5 + 0*r**2 + 0 + 1/12*r**4 - 2*r + 0*r**3 - 1/720*r**6. Let d(a) be the third derivative of l(a). Calculate d(-4).
6
Let f = -17 - -11. Let y = f - -9. Suppose -4*r = -y*r - 1. Let i(t) = 5*t - 1. Calculate i(r).
4
Let l(d) = d**2 + d - 3. Let v(i) be the second derivative of -i**3/6 + 5*i**2 + i. Let a be v(7). Suppose 0 = -0*j + a*j + 9. Give l(j).
3
Let h(z) be the second derivative of -z**5/20 - z**4/4 - 4*z. Let d(j) = -j - 2. Let m be d(0). Calculate h(m).
-4
Suppose -2*j + 0*j = 0. Let s(k) be the second derivative of k**4/12 + k**2 + 3*k. What is s(j)?
2
Let x(n) be the first derivative of 3 + 0*n + 1/2*n**2 - 8/3*n**3. Determine x(1).
-7
Let b = -12 + 16. Suppose 3*h = 3*l - 0*h + 15, -3*l - b*h = -13. Let s(c) = 8*c**3 - c - 1. Calculate s(l).
-8
Let g(f) = f**2 + 3. Let o be (-6)/(-9) - (-6)/(-9). Determine g(o).
3
Let d(t) be the second derivative of t**5/20 - t**3/3 + t**2/2 + 6*t. What is d(-2)?
-3
Let d(t) = t**3 - 5*t**2 - 7*t + 8. Let f(o) = -o**2 + 6*o - 2. Let v be f(4). Calculate d(v).
2
Let s(k) = k**3 - 2*k**2 - 3*k + 2. Let y = -16 + 16. Suppose 2*t - w - 10 = 0, 0 = -y*t + 3*t - w - 13. Calculate s(t).
2
Let o(k) = k - 7. Let v(j) = -j**3 + j**2 - j + 8. Let m be v(0). Calculate o(m).
1
Let z(y) = y**3 - 2*y**2 - 8. Let x(n) = 3*n**3 - 5*n**2 - 23. Let j(d) = -6*x(d) + 17*z(d). Let v be ((-1)/1)/(2/8). What is j(v)?
2
Let l = 63 + -58. Let z(m) = m**3 - 6*m**2 + 7*m - 4. Calculate z(l).
6
Let g be 15/5 - 1*-2. Let w(c) = 5*c + 7 - c**2 - g + 0*c. Calculate w(4).
6
Let t(d) = -3*d - 2. Let r = 1 + -6. Let v(j) = -3*j + 6*j + 5 + 4*j. Let x(k) = r*t(k) - 2*v(k). What is x(-6)?
-6
Let s(x) = -1 + x + x + 0*x. Let l be s(0). Let z(f) = -2*f + 1. Let d(y) = -3*y + 1. Let g(v) = -3*d(v) + 4*z(v). Calculate g(l).
0
Let q be (0 + -9)*(-63)/27. Suppose 0*m - 3*m = -4*y + q, -4*m = -y + 15. Let t be (m - 0) + 1*-2. Let w(a) = a**3 + 5*a**2 + 2. Determine w(t).
2
Let n(q) = q**2 - 5*q + 6. Suppose -d - d + 14 = h, d = 4. What is n(h)?
12
Let j(l) = 1. Let z(h) = h - 1. Let o be (1/1 - 4) + 4. Let v(q) = o*z(q) - j(q). Let y be 0 + 1 - -1 - 0. What is v(y)?
0
Let j(z) = 2*z**3 + 5*z**2 - z - 3. Let o(h) = -5*h**3 - 14*h**2 + 2*h + 8. Let w(n) = 8*j(n) + 3*o(n). Let q = -3 - -2. Let p be (0/q - 3)*-1. Give w(p).
3
Let f(d) = 3*d + 16. Let s be f(7). Let g(h) = -h - s + 37. What is g(-6)?
6
Let u(q) = -1 + 0*q + q - 4*q. What is u(-1)?
2
Let b(w) = -2*w - 1. Let a be b(-3). Suppose -o + 11 = 3*c + o, 0 = c + a*o + 5. Let v(t) = 2*t**3 - 4*t**2 - t**3 - t - 3*t - 3. Determine v(c).
2
Let f(j) = -j + 3*j + 7*j**2 - 16*j**3 + 17*j**3 + 10. What is f(-7)?
-4
Let a(g) = -19*g**2 - g - 9 + 13*g**3 + 8*g - g**2. Let f(s) = 3*s**3 - 5*s**2 + 2*s - 2. Let n(k) = -2*a(k) + 9*f(k). Let t = -381 + 384. What is n(t)?
-6
Let k(b) = -7*b**2 - 10*b - 3. Let p(h) = -6*h**2 - 9*h - 3. Let r(i) = 5*k(i) - 6*p(i). Calculate r(-5).
8
Let l = -4 - -7. Suppose -2*u - 9 = -5*u. Let x(a) = 5*a + 0*a + 0*a - u - a. Determine x(l).
9
Suppose 2*p + 5*r + 29 = 0, 7*p - 4*p - 3*r = -33. Let a = -7 - p. Let b(c) = -3*c + 5. Let l(w) = -4*w + 4. Let v(n) = -3*b(n) + 2*l(n). Calculate v(a).
-2
Let x(l) = -7*l + 6. Let j(k) = -6*k + 5. Let z(s) = 6*j(s) - 5*x(s). Determine z(-1).
1
Let q be 105/33 - (-4)/(-22). Suppose 0 = 3*a + q. Let c(l) = 5*l**2. Calculate c(a).
5
Let m be (-3)/3 + -2 - -6. Let b(w) = -w + 0*w**m + 4*w**2 - 1 + 0*w**3 - w**3. Suppose -3*u + 16 = u. What is b(u)?
-5
Let h(w) = w**3 - w**2 + w - 9. Let z be (-2)/8 - (-3)/12. What is h(z)?
-9
Suppose -8*n - 9*n = 10*n. Let s(i) be the second derivative of i**5/20 + i**4/12 + i**3/6 + 5*i**2/2 + i. Give s(n).
5
Suppose 4*g - 4 = 2*g. Let w be (2/(-5))/(2/10) - -4. Let p(q) = q + 2*q**3 - 4*q**w - q**2 - q**3 - 5 + 0*q**g. Calculate p(5).
0
Let z(b) = b - 3. Let o(s) = -4*s**2 - 2*s - 1. Let y be o(-1). Give z(y).
-6
Let b(n) = -7*n**2 - 4*n + 2. Let t(k) = k**2. Let w(a) = -b(a) - 6*t(a). Calculate w(-6).
10
Let p(y) be the first derivative of 3*y - 1/3*y**3 - 5/2*y**2 + 6. Determine p(-5).
3
Let d = -48 - -33. Let g = -9 - d. Let b(a) = a - 1. Give b(g).
5
Let i(d) = 3*d - 2. Let k be (-2)/((-8)/12) + 5. Let b be (-2)/(-4)*k + -6. Calculate i(b).
-8
Let u(v) = 2*v**2 + 10*v - 5. Let c be u(-5). Let w(a) = -a**2 - 6*a + 7. What is w(c)?
12
Let v(d) = d**2 + 4*d + 3. Let b = -25 - -21. Give v(b).
3
Suppose -5*g + 9 + 1 = f, -2*g - 5*f = 19. Let z(j) be the first derivative of -1/3*j**g - 3 + 5/2*j**2 + 4*j. Give z(5).
4
Let j(z) = -z**3 + z + 7 + 0*z**2 + 0*z**3 - 5*z**2 + 0*z**2. Let i be j(-5). Let c(a) = -2*a**2 - a**2 + 2*a**i - 3*a - 3. Give c(-2).
-1
Let s(g) = -g**2 + 1. Let f(y) = 6*y**2 + 4*y - 2. Let a(t) = f(t) + 4*s(t). Let o be a(-2). Let c(w) = 3*w - 3. Give c(o).
3
Let p(s) = -7*s**2 + 4*s + 6. Let b(w) = -13*w**2 + 8*w + 12. Let c(q) = 6*b(q) - 11*p(q). Let g be (-11 + 1)*2/(-4). Give c(g).
1
Suppose -19 = -5*o - 4